f + 12399. Calculate n(-566).
-53
Let t(n) = -168*n**2 + 2007*n + 95. Give t(12).
-13
Let t(z) = -68*z**2 + 389*z + 383. What is t(-1)?
-74
Let y(w) = 3462*w - 13824. Calculate y(4).
24
Let a(w) = 139573*w + 92118176. Determine a(-660).
-4
Let q(i) = i**3 - 250*i**2 - 543*i + 10035. Determine q(252).
207
Let s(q) = 25*q + 424. Give s(-15).
49
Let g(f) = 2294*f - 13654. What is g(6)?
110
Let y(k) = -3*k**3 - 60*k**2 - 29*k + 80. Determine y(-19).
-452
Let p(q) = 2*q**3 + 202*q**2 + 2708*q - 146. Calculate p(-16).
46
Let y(f) = 1896*f**2 + 11443*f + 407. What is y(-6)?
5
Let o(l) = 11*l**3 + 23*l**2 + 12*l + 10. Determine o(-5).
-850
Let v(b) = -363900*b - 5094600. What is v(-14)?
0
Let n(d) = d**3 - 23*d**2 + 62*d + 470. Calculate n(19).
204
Let l(x) = x**2 - 2166*x + 120207. Determine l(57).
-6
Let p(w) = 211*w + 45976. What is p(-219)?
-233
Let z(a) = -a**3 - 41*a**2 + 371*a + 225. Give z(-48).
-1455
Let w(x) = -23673*x - 426109. Determine w(-18).
5
Let v(g) = -g**3 + 140*g**2 - 1510*g + 2982. Give v(9).
3
Let d(q) = -3*q**2 - 28*q + 220. Determine d(14).
-760
Let p(n) = 504*n - 48880. What is p(97)?
8
Let z(w) = 2*w**3 - 93*w**2 + 9*w + 2841. What is z(6)?
-21
Let h(c) = -187*c + 1578. Give h(4).
830
Let y(m) = -m**2 + 52*m + 4490. What is y(98)?
-18
Let j(n) = -n**3 + 27*n**2 - 227*n + 556. Calculate j(10).
-14
Let t(q) = -q**3 - 83*q**2 - 1019*q + 122. What is t(-68)?
54
Let n(b) = -2*b**2 + 157*b - 386. Give n(72).
550
Let f(i) = -852*i**3 - 56233*i**2 - 57*i + 588. Calculate f(-66).
-6
Let r(q) = -2*q**2 - 3324*q + 567215. Determine r(156).
-1
Let y(q) = q**2 - 12978*q - 481510. Give y(-37).
45
Let z(d) = d**2 - 331*d + 13360. Give z(48).
-224
Let v(a) = -3865*a - 1573055. Calculate v(-407).
0
Let q(r) = 9*r**3 - 4*r**2 - 34*r - 25. What is q(-6)?
-1909
Let r(t) = -4951*t + 1925931. Calculate r(389).
-8
Let u(z) = z**3 - 21*z**2 - 622*z + 13288. Determine u(22).
88
Let c(a) = 20*a**2 - 1897*a + 5241. Calculate c(92).
-3
Let x(c) = c**3 + 104*c**2 - 364*c + 7395. What is x(-108)?
51
Let m(o) = 25*o**2 + 686*o - 15898. Determine m(15).
17
Let b(v) = 2*v**3 + 24*v**2 + 44*v - 117. Give b(-9).
-27
Let x(a) = 4*a**3 + 487*a**2 - 3202*a - 240. Give x(-128).
16
Let o(u) = -2*u**2 - 211*u + 121189. Calculate o(199).
-2
Let m(x) = -4794*x + 4722. Determine m(1).
-72
Let w(i) = -i**2 + 1413*i - 184960. Calculate w(146).
22
Let d(p) = 7*p**3 + 4655*p**2 + p + 686. What is d(-665)?
21
Let l(z) = z**2 - 32147*z - 418093. What is l(-13)?
-13
Let a(s) = s**2 - 25769*s - 644856. What is a(-25)?
-6
Let o(j) = 3127*j**2 + 103193*j + 30. Determine o(-33).
-36
Let s(p) = p**3 + 30*p**2 + 114*p + 111. Give s(-28).
-1513
Let s(h) = -h**3 + 62*h**2 - 813*h - 2695. What is s(40)?
-15
Let o(i) = 99*i - 50. Give o(-16).
-1634
Let j(d) = d**2 + 8930*d - 775379. What is j(86)?
-3
Let w(b) = -26*b**3 - 259*b**2 - 516*b + 104. Calculate w(-7).
-57
Let o(g) = -6123*g + 912308. Determine o(149).
-19
Let t(c) = -380*c - 529. Give t(0).
-529
Let z(i) = 2715*i**2 + 8126*i - 54. Give z(-3).
3
Let m(j) = 6956*j - 1370258. Give m(197).
74
Let p(b) = b**3 + 214*b**2 + 224*b + 2340. Calculate p(-213).
-3
Let z(n) = 2*n**3 + 252*n**2 + 274*n - 482. Give z(-125).
-3482
Let h(o) = -o**2 - 64*o + 8793. What is h(-131)?
16
Let a(h) = h**3 + 11*h**2 + 1184*h + 7119. What is a(-6)?
195
Let v(a) = 3234*a + 87260. What is v(-27)?
-58
Let q(y) = -14*y**2 + 10837*y + 64715. What is q(780)?
-25
Let y(l) = l**3 + 10*l**2 - 367*l - 2330. Determine y(-22).
-64
Let v(m) = 9*m**2 - 217060*m + 217059. Determine v(1).
8
Let w(v) = 5*v**2 + 9080*v - 155793. Give w(17).
12
Let d(a) = a**2 - 195*a + 8464. Give d(120).
-536
Let b(q) = q**3 + 106*q**2 - 19*q - 2184. Calculate b(-106).
-170
Let w(g) = 38*g**2 + 54*g + 56. What is w(-1)?
40
Let g(v) = 52*v + 1608. Give g(-48).
-888
Let h(w) = -37*w**2 - 10721*w - 736629. What is h(-112)?
-5
Let w(f) = -239*f + 4952. Determine w(20).
172
Let g(p) = 243*p - 264. Give g(1).
-21
Let y(v) = 67*v**2 - 3290*v + 40235. What is y(23)?
8
Let p(u) = -27*u**3 - 95*u**2 - 196*u + 1. Give p(-2).
229
Let d(n) = -7*n**3 + 76*n**2 + 44*n - 377. Calculate d(11).
-14
Let t(i) = -i**3 - 477*i**2 - 34231*i + 396. What is t(-389)?
7
Let y(w) = w**2 + 17055*w - 495427. Determine y(29).
9
Let h(k) = 100*k + 2583. Determine h(-24).
183
Let t(r) = -15*r**2 - 645*r + 1651406. Calculate t(-354).
-4
Let s(z) = 5209*z + 885529. Determine s(-170).
-1
Let x(o) = o**2 - 499*o + 31138. What is x(73)?
40
Let a(n) = -n**2 - 27*n + 110869. Calculate a(-347).
-171
Let s(d) = 88*d - 13367. Give s(164).
1065
Let l(h) = h**2 - 53*h + 957. Give l(30).
267
Let c(g) = g**3 - 50*g**2 - 829*g + 39689. Give c(51).
11
Let z(w) = -3417*w - 10241. Give z(-3).
10
Let b(f) = 249933*f - 1999461. Give b(8).
3
Let z(y) = -9*y - 1287. Determine z(108).
-2259
Let u(p) = -1239*p - 11317. Calculate u(-9).
-166
Let v(r) = -r**3 + 76*r**2 - 589*r + 396. Calculate v(67).
1334
Let k(f) = -439359*f + 4393592. What is k(10)?
2
Let f(y) = 3*y**3 + 36*y**2 - 535*y - 5700. What is f(-11)?
548
Let j(l) = -l**2 - 5527*l + 16586. What is j(3)?
-4
Let y(v) = 8841*v - 17537. Give y(2).
145
Let o(h) = 2*h**2 + 1197*h - 24098. Calculate o(-618).
4
Let k(b) = -b**2 + 1532*b + 4372768. Calculate k(2993).
-5
Let v(j) = 385*j - 21961. What is v(57)?
-16
Let k(z) = -38*z**2 + 5756*z + 3072. What is k(152)?
32
Let v(h) = 62*h**3 - 3*h**2 + 650*h - 1289. Give v(2).
495
Let f(q) = -q**2 + 7492*q + 165324. Calculate f(-22).
16
Let p(w) = 12*w**3 + 3779*w**2 - 4122*w - 4416. What is p(-316)?
8
Let r(m) = 383822*m + 2302942. Calculate r(-6).
10
Let k(x) = -4518*x - 9014. What is k(-2)?
22
Let y(u) = -11*u**3 - 449*u**2 + 580*u + 20402. Calculate y(-41).
-16
Let j(t) = -7*t**2 - 617*t + 6847. Determine j(11).
-787
Let o(b) = -133*b**2 - 13700*b + 27826. Determine o(-105).
1
Let o(l) = l**2 + 529*l + 62673. Give o(-179).
23
Let y(u) = 6*u**3 - 12*u**2 - 97*u - 9. Calculate y(6).
273
Let z(b) = -8*b**3 - 5471*b**2 + 1533*b + 580720. Determine z(-684).
4
Let y(w) = 2*w**3 + w**2 + 38099*w + 20. Determine y(0).
20
Let u(w) = -2*w**3 - 9*w**2 + 558*w - 16. What is u(16)?
-1584
Let u(z) = -2*z**2 + 314*z - 12791. Give u(94).
-947
Let x(d) = -3*d**3 + 71*d**2 + 64*d - 2549. Give x(23).
-19
Let u(n) = -3*n**3 - 108*n**2 - 122*n - 256. What is u(-35)?
339
Let q(i) = 16*i**3 - 3394*i**2 + 431*i - 478. Calculate q(212).
1006
Let u(a) = 3*a**2 - 153*a + 166. Calculate u(22).
-1748
Let s(h) = -373804*h + 747619. Give s(2).
11
Let c(v) = -v**3 - 421*v**2 - 41346*v - 1592. Calculate c(-265).
-2
Let r(q) = -q**2 + 1686*q - 41478. What is r(25)?
47
Let b(t) = 21*t**2 - 240*t + 60. Give b(9).
-399
Let n(w) = -3174983*w + 28574844. Calculate n(9).
-3
Let z(k) = -16147*k + 3213357. Give z(199).
104
Let b(n) = 162*n - 1039. What is b(9)?
419
Let u(o) = -22*o + 1032. What is u(19)?
614
Let j(h) = 416596*h + 833130. Determine j(-2).
-62
Let j(f) = 229965*f - 689931. What is j(3)?
-36
Let u(w) = 4*w**2 + 554*w + 9466. Calculate u(-17).
1204
Let b(u) = -u**3 - 23*u**2 - 5884*u - 141846. Determine b(-24).
-54
Let k(f) = -11493*f - 2551451. What is k(-222)?
-5
Let k(b) = -993*b - 17075. Determine k(-17).
-194
Let n(i) = 11582*i + 72183. Calculate n(-6).
2691
Let d(z) = 616*z**3 + 7*z**2 + 18*z + 12. Give d(-1).
-615
Let r(c) = 611*c + 44754. What is r(-73)?
151
Let u(t) = -298*t**2 + 23264*t - 1543. Give u(78).
17
Let g(q) = 18*q**3 - 1543*q**2 - 436*q + 524. Calculate g(86).
8
Let n(y) = y**3 - 76*y**2 + 1940*y - 139837. Calculate n(75).
38
Let b(p) = -2*p**3 + 84*p**2 - 397*p + 3557. What is b(38)?
23
Let s(w) = -6*w**3 + w**2 - 30*w - 117. Determine s(-7).
2200
Let i(o) = 27056*o + 9902529. What is i(-366)?
33
Let i(o) = -o**3 - 287*o**2 + 357*o + 19853. Determine i(-288).
-19
Let x(b) = -13*b**2 + 292*b + 1677. What is x(-18)?
-7791
Let h(f) = -5*f**2 - 45*f. Calculate h(-16).
-560
Let x(q) = -q**2 + 401*q - 2800. Calculate x(394).
-42
Let o(x) = 94976*x - 379900. Give o(4).
4
Let i(t) = -2*t**2 - 86*t + 71647. Give i(169).
-9
Let c(u) = u**2 + 176*u - 22778. What is c(-263)?
103
Let q(m) = -7139*m - 114225. What is q(-16)?
-1
Let x(r) = -9*r**2 - 178*r - 1552. Determine x(-8).
-704
Let r(s) = -71*s**2 + 509*s + 1149. Determine r(9).
-21
Let q(f) = -21200